-132
What is -101011001 (base 2) in base 14?
-1a9
Convert -22 (base 3) to base 2.
-1000
Convert 232 (base 4) to base 8.
56
What is -183 (base 14) in base 5?
-2221
Convert -1 (base 13) to base 7.
-1
Convert -2 (base 8) to base 10.
-2
What is -2304 (base 5) in base 9?
-405
Convert -c (base 16) to base 13.
-c
21200 (base 3) to base 5
1312
Convert 53 (base 14) to base 7.
133
5e (base 15) to base 16
59
What is 1b (base 15) in base 9?
28
-94 (base 11) to base 12
-87
Convert 101010 (base 2) to base 6.
110
What is 2 (base 3) in base 13?
2
10023 (base 4) to base 10
267
155 (base 7) to base 16
59
-51 (base 9) to base 4
-232
4 (base 8) to base 10
4
-21 (base 9) to base 2
-10011
5 (base 12) to base 5
10
Convert -10 (base 11) to base 6.
-15
What is 0 (base 14) in base 15?
0
What is 1 (base 11) in base 6?
1
What is 3 (base 9) in base 13?
3
Convert -1 (base 2) to base 8.
-1
What is 30 (base 10) in base 9?
33
Convert 6 (base 13) to base 7.
6
-48 (base 10) to base 13
-39
-3 (base 4) to base 10
-3
Convert 57 (base 13) to base 2.
1001000
What is -a (base 12) in base 13?
-a
What is 3 (base 9) in base 13?
3
130 (base 5) to base 10
40
-15 (base 10) to base 14
-11
What is -1 (base 9) in base 3?
-1
3 (base 10) to base 5
3
What is -46 (base 13) in base 10?
-58
81 (base 14) to base 5
423
Convert -3 (base 13) to base 14.
-3
Convert -45 (base 13) to base 6.
-133
2 (base 14) to base 12
2
Convert 1 (base 10) to base 6.
1
What is -1 (base 14) in base 11?
-1
Convert 1 (base 14) to base 3.
1
What is 178 (base 9) in base 13?
b9
Convert -3 (base 12) to base 4.
-3
Convert 8 (base 16) to base 12.
8
Convert 107 (base 8) to base 13.
56
Convert -90 (base 12) to base 5.
-413
1000111 (base 2) to base 7
131
-1004 (base 5) to base 15
-89
Convert 1001 (base 3) to base 4.
130
Convert -1101 (base 2) to base 15.
-d
-3 (base 6) to base 5
-3
What is 1121 (base 3) in base 8?
53
Convert -91 (base 15) to base 5.
-1021
Convert -31 (base 10) to base 6.
-51
What is -93 (base 12) in base 14?
-7d
128 (base 12) to base 3
20112
b (base 12) to base 4
23
Convert -300 (base 4) to base 3.
-1210
0 (base 11) to base 12
0
99 (base 12) to base 5
432
Convert 1 (base 13) to base 8.
1
Convert -41 (base 13) to base 5.
-203
What is 1010 (base 2) in base 4?
22
Convert 16 (base 16) to base 2.
10110
What is 4 (base 6) in base 9?
4
What is -2 (base 7) in base 5?
-2
2 (base 15) to base 16
2
What is a9 (base 14) in base 9?
175
Convert -3 (base 11) to base 9.
-3
What is -2 (base 8) in base 4?
-2
Convert 48 (base 13) to base 12.
50
-414 (base 6) to base 4
-2122
What is 13 (base 4) in base 9?
7
What is 13 (base 9) in base 16?
c
What is -3 (base 4) in base 7?
-3
122 (base 5) to base 10
37
0 (base 15) to base 11
0
12 (base 8) to base 11
a
Convert 8 (base 10) to base 12.
8
What is a (base 15) in base 2?
1010
Convert -1021 (base 3) to base 12.
-2a
What is 33 (base 16) in base 14?
39
Convert -3 (base 14) to base 13.
-3
Convert 0 (base 4) to base 12.
0
-13 (base 9) to base 14
-c
What is 11 (base 11) in base 9?
13
5 (base 9) to base 13
5
-1011100 (base 2) to base 5
-332
0 (base 4) to base 10
0
What is a (base 14) in base 9?
11
Convert 32 (base 4) to base 5.
24
Convert -a (base 16) to base 4.
-22
What is -213 (base 5) in base 7?
-112
Convert 53 (base 11) to base 5.
213
-51 (base 6) to base 8
-37
37 (base 14) to base 16
31
What is 12 (base 8) in base 3?
101
What is 12 (base 9) in base 5?
21
-33 (base 9) to base 3
-1010
22 (base 4) to base 6
14
Convert -110110 (base 2) to base 8.
-66
64 (base 10) to base 9
71
-22 (base 5) to base 9
-13
What is -20 (base 10) in base 4?
-110
Convert 1 (base 3) to base 5.
1
Convert -1e (base 15) to base 4.
-131
-d (base 14) to base 13
-10
What is -195 (base 10) in base 14?
-dd
10f (base 16) to base 13
17b
What is -260 (base 12) in base 16?
-168
Convert 192 (base 10) to base 12.
140
What is 2130 (base 5) in base 6?
1202
-42 (base 6) to base 16
-1a
Convert 1 (base 15) to base 5.
1
What is -21 (base 11) in base 7?
-32
64 (base 14) to base 10
88
1404 (base 5) to base 7
445
Convert -3321 (base 4) to base 14.
-13b
What is 3 (base 12) in base 9?
3
What is 0 (base 14) in base 3?
0
-2 (base 10) to base 15
-2
Convert 13 (base 10) to base 13.
10
What is 0 (base 15) in base 5?
0
4e (base 16) to base 13
60
What is -10 (base 3) in base 4?
-3
What is 10111 (base 2) in base 10?
23
Convert -1 (base 7) to base 13.
-1
-246 (base 7) to base 10
-132
What is -a5 (base 11) in base 7?
-223
What is 2 (base 8) in base 5?
2
Convert -e (base 15) to base 5.
-24
What is 73 (base 12) in base 2?
1010111
What is a (base 15) in base 14?
a
Convert a8 (base 12) to base 14.
92
Convert 1 (base 4) to base 8.
1
Convert 0 (base 8) to base 11.
0
-a6 (base 13) to base 5
-1021
What is 11 (base 3) in base 10?
4
What is -103 (base 4) in base 6?
-31
-242 (base 8) to base 4
-2202
What is 101 (base 2) in base 6?
5
Convert 140 (base 9) to base 2.
1110101
What is -1 (base 10) in base 14?
-1
Convert 4 (base 15) to base 3.
11
151 (base 10) to base 12
107
-4 (base 12) to base 2
-100
Convert -12 (base 7) to base 2.
-1001
Convert -3 (base 4) to base 2.
-11
Convert -20 (base 7) to base 12.
-12
Convert 10 (base 5) to base 4.
11
Convert -3011 (base 4) to base 15.
-d2
77 (base 8) to base 14
47
What is -110 (base 3) in base 11?
-11
Convert 1 (base 2) to base 8.
1
c5 (base 15) to base 14
d3
-101 (base 2) to base 15
-5
Convert -2001 (base 3) to base 4.
-313
-11 (base 4) to base 16
-5
14 (base 12) to base 9
17
-1 (base 2) to base 4
-1
Convert 1 (base 2) to base 9.
1
Convert -80 (base 11) to base 4.
-1120
What is 28 (base 10) in base 14?
20
0 (base 4) to base 13
0
2 (base 10) to base 16
2
8 (base 14) to base 6
12
85 (base 11) to base 14
69
Convert 2 (base 5) to base 11.
2
What is 10 (base 7) in base 12?
7
-20 (base 3) to base 11
-6
Convert 5 (base 14) to base 8.
5
201 (base 3) to base 5
34
What is 2222 (base 3) in base 9?
88
What is 9 (base 10) in base 11?
9
What is a (base 11) in base 12?
a
Convert 95 (base 13) to base 7.
233
22 (base 6) to base 12
12
4 (base 10) to base 5
4
Convert 222 (base 6) to base 4.
1112
Convert -130 (base 4) to base 8.
-34
What is 1a5 (base 11) in base 4?
3230
Convert -2002 (base 3) to base 2.
-111000
What is 10 (base 4) in base 7?
4
Convert 29 (base 14) to base 8.
45
Convert 332 (base 4) to base 14.
46
What is 6 (base 9) in base 14?
6
Convert 0 (base 12) to base 5.
0
-23 (base 10) to base 2
-10111
Convert 111011 (base 2) to base 6.
135
What is 41 (base 15) in base 10?
61
What is 40 (base 8) in base 5?
112
-2 (base 12) to base 15
-2
62 (base 10) to base 12
52
What is 0 (base 13) in base 7?
0
What is 51 (base 7) in base 8?
44
What is 14 (base 5) in base 4?
21
What is 1122 (base 3) in base 16?
2c
Convert -1 (base 4) to base 10.
-1
What is 256 (base 7) in base 9?
164
What is -d (base 15) in base 4?
-31
a (base 16) to base 3
101
What is -32 (base 8) in base 3?
-222
What is 44 (base 5) in base 3?
220
1 (base 9) to base 3
1
Convert -1110 (base 2) to base 11.
-13
220 (base 3) to base 2
11000
Convert -1 (base 6) to base 14.
-1
What is -5 (base 11) in base 5?
-10
Convert 1 (base 2) to base 6.
1
What is -5 (base 6) in base 14?
-5
Convert -10 (base 2) to base 11.
-2
What is 234 (base 5) in base 15?
49
What is 2 (base 7) in base 16?
2
35 (base 7) to base 11
24
2 (base 12) to base 2
10
Convert 0 (base 11) to base 4.
0
-36 (base 13) to base 10
-45
What is 4 (base 8) in base 11?
4
What is -97 (base 12) in base 13?
-8b
Convert 1202 (base 4) to base 15.
68
Convert 9 (base 10) to base 5.
14
Convert -11 (base 2) to base 6.
-3
Convert -6 (base 7) to base 3.
-20
What is -6 (base 11) in base 14?
-6
What is 0 (base 2) in base 8?
0
4 (base 15) to base 8
4
What is -1 (base 5) in base 14?
-1
What is 40 (base 13) in base 7?
103
Convert -20 (base 15) to base 2.
-11110
1 (base 6) to base 3
1
20 (base 7) to base 8
16
Convert 5 (base 6) to base 12.
5
Convert -65 (base 8) to base 13.
-41
Convert -18 (base 15) to base 10.
-23
-111 (base 2) to base 5
-12
-95 (base 16) to base 15
-9e
What is -10111 (base 2) in base 8?
-27
Convert -145 (base 7) to base 4.
-1102
What is -2 (base 11) in base 13?
-2
18 (base 12) to base 8
24
What is -21 (base 6) in base 3?
-111
-b6 (base 12) to base 11
-116
Convert -9 (base 13) to base 12.
-9
Convert 30 (base 7) to base 10.
21
-44 (base 14) 